{"id":7,"date":"2012-09-05T12:00:22","date_gmt":"2012-09-05T10:00:22","guid":{"rendered":"http:\/\/rutkaitamas.hu\/?page_id=7"},"modified":"2025-11-26T11:43:08","modified_gmt":"2025-11-26T10:43:08","slug":"bemutatkozas","status":"publish","type":"page","link":"https:\/\/rutkaitamas.hu\/?page_id=7","title":{"rendered":"Bemutatkoz\u00e1s"},"content":{"rendered":"<div style=\"font-family: Calibri; color: #808000;\">\n<p style=\"font-size: 15px;\"><a href=\"http:\/\/rutkaitamas.hu\/wp-content\/uploads\/2012\/09\/22449607_939350629572416_6430469768876545221_n.jpg\" rel=\"attachment wp-att-2407\"><img loading=\"lazy\" decoding=\"async\" class=\"alignright wp-image-2407 size-thumbnail\" src=\"http:\/\/rutkaitamas.hu\/wp-content\/uploads\/2012\/09\/22449607_939350629572416_6430469768876545221_n-480x640.jpg\" alt=\"22449607_939350629572416_6430469768876545221_n\" width=\"480\" height=\"640\" \/><\/a>\u00a0\u00a0\u00a0<span style=\"color: #8f8f5d;\">\u00a0\u00a0\u00a0\u00a0<span style=\"color: #a89859;\">\u00a0 \u00a0<span style=\"color: #78682a;\">1986.J\u00fanius\u00e1ban sz\u00fclettem Ny\u00edregyh\u00e1z\u00e1n.\u00a0Jelenleg Ibr\u00e1nyban \u00e9lek. A term\u00e9szet m\u00e1r gyerekkoromban rabul ejtett\u2026 minden \u00e9rdekelt, ami mozgott, legyen sz\u00f3 p\u00f3kr\u00f3l, csig\u00e1r\u00f3l, hangy\u00e1kr\u00f3l vagy ak\u00e1rmilyen rovarr\u00f3l. Mindig hajtott a k\u00edv\u00e1ncsis\u00e1g. Sokszor az es\u0151z\u00e9sek ut\u00e1n visszamaradt kerti tavacsk\u00e1kban, mez\u00edtl\u00e1b g\u00e1zolva a testv\u00e9reimmel kerest\u00fcnk mindenf\u00e9le \u00e9l\u0151l\u00e9nyeket. A kan\u00e1lis parti horg\u00e1szatok sor\u00e1n, \u00fajabb addig ismeretlen \u00e1llatokkal tal\u00e1lkoztam. T\u00f6bbek k\u00f6z\u00f6tt akkor l\u00e1ttam el\u0151sz\u00f6r v\u00edzisikl\u00f3t, g\u0151t\u00e9t vagy \u00e9ppen a pecabot v\u00e9g\u00e9re sz\u00e1ll\u00f3 sz\u00ednes szitak\u00f6t\u0151t.<\/span><\/span><\/span><\/p>\n<p style=\"font-size: 15px;\"><span style=\"color: #78682a;\">A madarak ir\u00e1nt 3. oszt\u00e1lyos koromban kezdtem \u00e9rdekl\u0151dni, amikor is a h\u00e1zunk akkor m\u00e9g be nem \u00e9p\u00edtett padl\u00e1s\u00e1n H\u00e1zi galambok \u00e9ltek. Egyik nap az udvaron tal\u00e1ltunk egy f\u00e9lig tollas f\u00e9lig kopasz rep\u00fclni m\u00e9g nem tud\u00f3 fi\u00f3k\u00e1t.\u00a0 Nem akartuk, hogy valamilyen macska \u00e1ldozata legyen, \u00edgy egy kalitk\u00e1ba z\u00e1rtuk, majd vizet \u00e9s ennival\u00f3t adtunk neki. P\u00e1r nap ut\u00e1n m\u00e1r szinte egy\u00e1ltal\u00e1n nem f\u00e9lt t\u0151lem \u00e9s \u00e9lvezettel n\u00e9ztem, ahogy gyorsan egym\u00e1s ut\u00e1n kapkodta a tenyeremb\u0151l felk\u00edn\u00e1lt repcemagokat. Napr\u00f3l napra fejl\u0151d\u00f6tt \u00e9s k\u00f6r\u00fclbel\u00fcl m\u00e1sf\u00e9l h\u00e9t ut\u00e1n l\u00e1ttuk el\u00e9rkezettnek az id\u0151t, hogy szabadon engedj\u00fck. Mindig \u00f6r\u00fcltem mikor a k\u00e9s\u0151bbiekben megpillantottam a h\u00e1ztet\u0151nk gerinc\u00e9n. Onnant\u00f3l kezdve rengeteg od\u00fahoz hasonl\u00edt\u00f3, mad\u00e1rh\u00e1z k\u00e9sz\u00fclt a kerti ny\u00e1rfasorra, majd nagy izgalommal n\u00e9ztem, b\u00fav\u00e1r zsebk\u00f6nyvvel a kezemben, vajon milyen mad\u00e1r foglalja el a kis \u00e9p\u00edtm\u00e9nyeket. Term\u00e9szetesen els\u0151sorban a Mezei verebek voltak a kedvezm\u00e9nyezettek :)<\/span><\/p>\n<p style=\"font-size: 15px;\"><span style=\"color: #78682a;\">K\u00e9s\u0151bb a tanulm\u00e1nyaim miatt h\u00e1tt\u00e9rbe szorultak ezek a megfigyel\u00e9sek. Az \u00e1ltal\u00e1nos iskola ut\u00e1n a ny\u00edregyh\u00e1zi B\u00e1nki Don\u00e1t M\u0171szaki k\u00f6z\u00e9piskol\u00e1ban v\u00e9geztem G\u00e9p\u00e9szeti Sz\u00e1m\u00edt\u00e1stechnikai technikusk\u00e9nt. Miut\u00e1n sikeresen lez\u00e1rtam iskolai p\u00e1lyafut\u00e1somat :), a munka mellett \u00fajb\u00f3l a madarak fel\u00e9 fordult \u00e9rdekl\u0151d\u00e9sem, de ez\u00fattal m\u00e1r komolyabban. Els\u0151sorban k\u00f6nyvekb\u0151l pr\u00f3b\u00e1ltam tud\u00e1sszomjamat oltani. Schmidt Egon madarak ir\u00e1nti szeretete \u00e9s t\u00f6rt\u00e9netei mag\u00e1val ragadtak. Egyre t\u00f6bb hasonl\u00f3 irodalom \u00e9s szakk\u00f6nyv nyomta polcaimat, mindemellett megfigyel\u00e9seimmel t\u00e1masztottam al\u00e1 az olvasottakat.<\/span><\/p>\n<p style=\"font-size: 15px;\"><span style=\"color: #78682a;\">A madarak fot\u00f3z\u00e1sa nem egyszer\u0171 feladat, hiszen neh\u00e9z \u00fagy megk\u00f6zel\u00edteni \u0151ket, hogy ne r\u00f6ppenjenek el. Kezdetben az ablak m\u00f6g\u00fcli fot\u00f3z\u00e1st felv\u00e1ltotta az \u00e9p\u00edtett fix, \u00fcveges mad\u00e1rles, ami nagy l\u00f6k\u00e9st adott \u201efot\u00f3s\u201d karrieremnek, hiszen olyan k\u00f6zel ker\u00fcltem tollas bar\u00e1taimhoz, mint m\u00e9g soha! Ott megtanulva a fot\u00f3z\u00e1s alapjait, egyre t\u00f6bb helyen \u00e9s m\u00f3don pr\u00f3b\u00e1lom a k\u00f6rny\u00e9k mad\u00e1rvil\u00e1g\u00e1t lencsev\u00e9gre kapni. <\/span><\/p>\n<p style=\"font-size: 15px; text-align: justify;\"><span style=\"color: #78682a;\">Amikor egy k\u00e9p elk\u00e9sz\u00fcl, az egy sor folyamat utols\u00f3 l\u00e9p\u00e9se csup\u00e1n. Az od\u00e1ig vezet\u0151 \u00fat n\u00e9ha egyszer\u0171, de legt\u00f6bbsz\u00f6r bonyolult \u00e9s hossz\u00fa v\u00e1rakoz\u00e1ssal teli. A legfontosabb szempont, hogy az \u0151 \u00e9letter\u00fckben, mi csup\u00e1n csak vend\u00e9gek vagyunk \u00e9s ehhez m\u00e9rten kell tisztelettel \u00e9s zavar\u00e1s n\u00e9lk\u00fcl bel\u00e9pni oda.<\/span><\/p>\n<p style=\"font-size: 15px;\"><span style=\"color: #78682a;\"><span style=\"text-decoration: underline;\"><strong><em>Felszerel\u00e9sem<\/em>:<\/strong><\/span>\u00a0<\/span><\/p>\n<p style=\"font-size: 15px;\"><span style=\"color: #78682a;\">G\u00e9pv\u00e1z: Canon R7<br \/>\n<\/span><\/p>\n<p style=\"font-size: 15px;\"><span style=\"color: #78682a;\">Objekt\u00edvek: Canon 24-70 L Usm, Canon 70-200 L IS USM ii, Canon converter 2x (II)<br \/>\n<\/span><\/p>\n<p style=\"font-size: 15px;\"><span style=\"color: #78682a;\"><span style=\"text-decoration: underline;\"><em><strong>Oldalam c\u00e9lja:<\/strong><\/em><\/span> A k\u00f6rny\u00e9ken \u00e9l\u0151 mad\u00e1rfauna bemutat\u00e1sa, \u00e9let\u00fck, szok\u00e1saik\u00a0 egy-egy ritka pillanat\u00e1nak meg\u00f6r\u00f6k\u00edt\u00e9se.<\/span><\/p>\n<p style=\"font-size: 15px;\"><span style=\"color: #78682a;\">Term\u00e9szetesen nem csak madarakkal tal\u00e1lkozom \u00fatjaim sor\u00e1n, \u00edgy egy\u00e9b \u00e1llatok \u00e9s term\u00e9szeti \u00e9rt\u00e9kek is bemutat\u00e1sra ker\u00fclnek.<\/span><\/p>\n<p style=\"font-size: 15px;\"><span style=\"color: #78682a;\">Tud\u00e1somat \u00e9s felszerel\u00e9semet igyekszem fejleszteni. Minden \u00e9p\u00edt\u0151 jelleg\u0171 kritik\u00e1t sz\u00edvesen fogadok, mert mindig van mit tanulni! A gal\u00e9ri\u00e1k folyamatosan b\u0151v\u00fclnek, \u00edgy \u00e9rdemes id\u0151nk\u00e9nt visszal\u00e1togatni.<\/span><\/p>\n<p style=\"font-size: 15px;\"><span style=\"color: #78682a;\">Kellemes b\u00f6ng\u00e9sz\u00e9st!<\/span><\/p>\n<\/div>\n","protected":false},"excerpt":{"rendered":"<p>\u00a0\u00a0\u00a0\u00a0\u00a0\u00a0\u00a0\u00a0 \u00a01986.J\u00fanius\u00e1ban sz\u00fclettem Ny\u00edregyh\u00e1z\u00e1n.\u00a0Jelenleg Ibr\u00e1nyban \u00e9lek. A term\u00e9szet m\u00e1r gyerekkoromban rabul ejtett\u2026 minden \u00e9rdekelt, ami mozgott, legyen sz\u00f3 p\u00f3kr\u00f3l, csig\u00e1r\u00f3l, hangy\u00e1kr\u00f3l vagy ak\u00e1rmilyen rovarr\u00f3l. Mindig hajtott a k\u00edv\u00e1ncsis\u00e1g. Sokszor az es\u0151z\u00e9sek ut\u00e1n visszamaradt kerti tavacsk\u00e1kban, mez\u00edtl\u00e1b g\u00e1zolva a testv\u00e9reimmel kerest\u00fcnk mindenf\u00e9le \u00e9l\u0151l\u00e9nyeket. A kan\u00e1lis parti horg\u00e1szatok sor\u00e1n, \u00fajabb addig ismeretlen \u00e1llatokkal tal\u00e1lkoztam. T\u00f6bbek k\u00f6z\u00f6tt akkor [&hellip;]<\/p>\n","protected":false},"author":1,"featured_media":0,"parent":0,"menu_order":0,"comment_status":"closed","ping_status":"closed","template":"","meta":{"footnotes":""},"class_list":["post-7","page","type-page","status-publish","hentry"],"_links":{"self":[{"href":"https:\/\/rutkaitamas.hu\/index.php?rest_route=\/wp\/v2\/pages\/7","targetHints":{"allow":["GET"]}}],"collection":[{"href":"https:\/\/rutkaitamas.hu\/index.php?rest_route=\/wp\/v2\/pages"}],"about":[{"href":"https:\/\/rutkaitamas.hu\/index.php?rest_route=\/wp\/v2\/types\/page"}],"author":[{"embeddable":true,"href":"https:\/\/rutkaitamas.hu\/index.php?rest_route=\/wp\/v2\/users\/1"}],"replies":[{"embeddable":true,"href":"https:\/\/rutkaitamas.hu\/index.php?rest_route=%2Fwp%2Fv2%2Fcomments&post=7"}],"version-history":[{"count":56,"href":"https:\/\/rutkaitamas.hu\/index.php?rest_route=\/wp\/v2\/pages\/7\/revisions"}],"predecessor-version":[{"id":3263,"href":"https:\/\/rutkaitamas.hu\/index.php?rest_route=\/wp\/v2\/pages\/7\/revisions\/3263"}],"wp:attachment":[{"href":"https:\/\/rutkaitamas.hu\/index.php?rest_route=%2Fwp%2Fv2%2Fmedia&parent=7"}],"curies":[{"name":"wp","href":"https:\/\/api.w.org\/{rel}","templated":true}]}}